{"version":"1.0","provider_name":"CFF Immobilier","provider_url":"https:\/\/sbb-immobilien.ch\/fr\/","title":"\u00c9lue pr\u00e9sidente de la SIA: Susanne Zenker.","type":"rich","width":600,"height":338,"html":"<blockquote class=\"wp-embedded-content\" data-secret=\"uiOvIgoWek\"><a href=\"https:\/\/sbb-immobilien.ch\/fr\/story\/neue-praesidentin-des-sia-susanne-zenker\/\">\u00c9lue pr\u00e9sidente de la SIA: Susanne Zenker.<\/a><\/blockquote><iframe sandbox=\"allow-scripts\" security=\"restricted\" src=\"https:\/\/sbb-immobilien.ch\/fr\/story\/neue-praesidentin-des-sia-susanne-zenker\/embed\/#?secret=uiOvIgoWek\" width=\"600\" height=\"338\" title=\"\u00ab\u00a0\u00c9lue pr\u00e9sidente de la SIA: Susanne Zenker.\u00a0\u00bb &#8212; CFF Immobilier\" data-secret=\"uiOvIgoWek\" frameborder=\"0\" marginwidth=\"0\" marginheight=\"0\" scrolling=\"no\" class=\"wp-embedded-content\"><\/iframe><script type=\"text\/javascript\">\n\/* <![CDATA[ *\/\n\/*! This file is auto-generated *\/\n!function(d,l){\"use strict\";l.querySelector&&d.addEventListener&&\"undefined\"!=typeof URL&&(d.wp=d.wp||{},d.wp.receiveEmbedMessage||(d.wp.receiveEmbedMessage=function(e){var t=e.data;if((t||t.secret||t.message||t.value)&&!\/[^a-zA-Z0-9]\/.test(t.secret)){for(var s,r,n,a=l.querySelectorAll('iframe[data-secret=\"'+t.secret+'\"]'),o=l.querySelectorAll('blockquote[data-secret=\"'+t.secret+'\"]'),c=new RegExp(\"^https?:$\",\"i\"),i=0;i<o.length;i++)o[i].style.display=\"none\";for(i=0;i<a.length;i++)s=a[i],e.source===s.contentWindow&&(s.removeAttribute(\"style\"),\"height\"===t.message?(1e3<(r=parseInt(t.value,10))?r=1e3:~~r<200&&(r=200),s.height=r):\"link\"===t.message&&(r=new URL(s.getAttribute(\"src\")),n=new URL(t.value),c.test(n.protocol))&&n.host===r.host&&l.activeElement===s&&(d.top.location.href=t.value))}},d.addEventListener(\"message\",d.wp.receiveEmbedMessage,!1),l.addEventListener(\"DOMContentLoaded\",function(){for(var e,t,s=l.querySelectorAll(\"iframe.wp-embedded-content\"),r=0;r<s.length;r++)(t=(e=s[r]).getAttribute(\"data-secret\"))||(t=Math.random().toString(36).substring(2,12),e.src+=\"#?secret=\"+t,e.setAttribute(\"data-secret\",t)),e.contentWindow.postMessage({message:\"ready\",secret:t},\"*\")},!1)))}(window,document);\n\/\/# sourceURL=https:\/\/sbb-immobilien.ch\/wp-includes\/js\/wp-embed.min.js\n\/* ]]> *\/\n<\/script>\n","thumbnail_url":"https:\/\/cdn.sbb-immobilien.ch\/w:auto\/h:auto\/q:mauto\/f:best\/https:\/\/sbb-immobilien.ch\/wp-content\/uploads\/2024\/05\/Susanne_Zenker_2024-scaled-1.jpg","thumbnail_width":2560,"thumbnail_height":1440,"description":"Susanne Zenker a \u00e9t\u00e9 \u00e9lue pr\u00e9sidente de la Soci\u00e9t\u00e9 suisse des ing\u00e9nieurs et des architectes (SIA) par l\u2019assembl\u00e9e des d\u00e9l\u00e9gu\u00e9s le 26 avril dernier. Elle quittera donc les CFF \u00e0 la fin du mois de juin 2024."}

Élue présidente de la SIA: Susanne Zenker.

<blockquote class="wp-embedded-content" data-secret="uiOvIgoWek"><a href="https://sbb-immobilien.ch/fr/story/neue-praesidentin-des-sia-susanne-zenker/">Élue présidente de la SIA: Susanne Zenker.</a></blockquote><iframe sandbox="allow-scripts" security="restricted" src="https://sbb-immobilien.ch/fr/story/neue-praesidentin-des-sia-susanne-zenker/embed/#?secret=uiOvIgoWek" width="600" height="338" title="« Élue présidente de la SIA: Susanne Zenker. » &#8212; CFF Immobilier" data-secret="uiOvIgoWek" frameborder="0" marginwidth="0" marginheight="0" scrolling="no" class="wp-embedded-content"></iframe><script type="text/javascript">
/* <![CDATA[ */
/*! This file is auto-generated */
!function(d,l){"use strict";l.querySelector&&d.addEventListener&&"undefined"!=typeof URL&&(d.wp=d.wp||{},d.wp.receiveEmbedMessage||(d.wp.receiveEmbedMessage=function(e){var t=e.data;if((t||t.secret||t.message||t.value)&&!/[^a-zA-Z0-9]/.test(t.secret)){for(var s,r,n,a=l.querySelectorAll('iframe[data-secret="'+t.secret+'"]'),o=l.querySelectorAll('blockquote[data-secret="'+t.secret+'"]'),c=new RegExp("^https?:$","i"),i=0;i<o.length;i++)o[i].style.display="none";for(i=0;i<a.length;i++)s=a[i],e.source===s.contentWindow&&(s.removeAttribute("style"),"height"===t.message?(1e3<(r=parseInt(t.value,10))?r=1e3:~~r<200&&(r=200),s.height=r):"link"===t.message&&(r=new URL(s.getAttribute("src")),n=new URL(t.value),c.test(n.protocol))&&n.host===r.host&&l.activeElement===s&&(d.top.location.href=t.value))}},d.addEventListener("message",d.wp.receiveEmbedMessage,!1),l.addEventListener("DOMContentLoaded",function(){for(var e,t,s=l.querySelectorAll("iframe.wp-embedded-content"),r=0;r<s.length;r++)(t=(e=s[r]).getAttribute("data-secret"))||(t=Math.random().toString(36).substring(2,12),e.src+="#?secret="+t,e.setAttribute("data-secret",t)),e.contentWindow.postMessage({message:"ready",secret:t},"*")},!1)))}(window,document);
//# sourceURL=https://sbb-immobilien.ch/wp-includes/js/wp-embed.min.js
/* ]]> */
</script>

Susanne Zenker a été élue présidente de la Société suisse des ingénieurs et des architectes (SIA) par l’assemblée des délégués le 26 avril dernier. Elle quittera donc les CFF à la fin du mois de juin 2024.
