{"id":820550,"date":"2026-09-02T15:55:58","date_gmt":"2026-09-02T13:55:58","guid":{"rendered":"https:\/\/sbb-immobilien.ch\/immobilien\/1793279fr-objet-a-louer-a-wettingen\/"},"modified":"2026-09-02T17:00:51","modified_gmt":"2026-09-02T15:00:51","slug":"1793279fr-objet-a-louer-a-wettingen","status":"publish","type":"casawp_property","link":"https:\/\/sbb-immobilien.ch\/fr\/immobilier\/1793279fr-objet-a-louer-a-wettingen\/","title":{"rendered":"Objet \u00e0 louer \u00e0 Wettingen"},"content":{"rendered":"<p>Wo heute Industrie und Gewerbe das Ortsbild von Wettingen pr\u00e4gen, entsteht in den n\u00e4chsten Jahren ein neues Quartier, das Wohnen, Arbeiten und Erholen miteinander verbindet \u2013 bestens angebunden an die regionalen Zentren und nur 20 S-Bahn-Minuten vom Hauptbahnhof Z\u00fcrich entfernt.<\/p>\n<p>Das Erdgeschoss umfasst ein vielf\u00e4ltiges Angebot aus sieben Retail- und Gastronomiekonzepten und sorgt f\u00fcr lebendige Frequenz. In den Obergeschossen entstehen rund 2000 m\u00b2 hochwertige B\u00fcro-, Gesundheits- und Bildungsfl\u00e4chen \u2013 ideal f\u00fcr Unternehmen, die von einer zentralen Lage und einem modernen Umfeld profitieren m\u00f6chten. Erg\u00e4nzt wird das Angebot durch komfortable 2.5- bis 4.5-Zimmer-Wohnungen, die urbanes Wohnen mit hoher Lebensqualit\u00e4t verbinden.<\/p>\n<p>F\u00fcr die Gewerbefl\u00e4che Nr.4 suchen wir ein Fachgesch\u00e4ft im Non Food Retail Bereich.<\/p>\n<p>Information Besichtigung: Die Gleislaube Wettingen befindet sich aktuell noch in der Errichtung. Daher sind keine Besichtigungen m\u00f6glich.<\/p>\n","protected":false},"excerpt":{"rendered":"<p>Wo heute Industrie und Gewerbe das Ortsbild von Wettingen pr\u00e4gen, entsteht in den n\u00e4chsten Jahren ein neues Quartier, das Wohnen, Arbeiten und Erholen miteinander verbindet \u2013 bestens angebunden an die regionalen Zentren und nur 20 S-Bahn-Minuten vom Hauptbahnhof Z\u00fcrich entfernt. Das Erdgeschoss umfasst ein vielf\u00e4ltiges Angebot aus sieben Retail- und Gastronomiekonzepten und sorgt f\u00fcr lebendige [&hellip;]<\/p>\n","protected":false},"author":0,"featured_media":0,"parent":0,"menu_order":4,"comment_status":"closed","ping_status":"closed","template":"","meta":{"_acf_changed":false,"inline_featured_image":false,"footnotes":""},"casawp_category":[15317,15322],"casawp_feature":[15748,15756,15304],"casawp_utility":[15319],"casawp_location":[15313,15308,15759],"casawp_salestype":[15306],"casawp_availability":[15307],"casawp_region":[],"class_list":["post-820550","casawp_property","type-casawp_property","status-publish","hentry","casawp_category-retail","casawp_category-retail-space","casawp_feature-has-photovoltaic","casawp_feature-is-first-time-occupancy","casawp_feature-is-new-construction","casawp_utility-gastronomy","casawp_location-region_ag","casawp_location-country_ch","casawp_location-locality_wettingen","casawp_salestype-rent","casawp_availability-active"],"acf":[],"yoast_head":"<!-- This site is optimized with the Yoast SEO Premium plugin v28.2 (Yoast SEO v28.2) - https:\/\/yoast.com\/product\/yoast-seo-premium-wordpress\/ -->\n<title>Objet \u00e0 louer \u00e0 Wettingen | CFF Immobilier<\/title>\n<meta name=\"robots\" content=\"index, follow, max-snippet:-1, max-image-preview:large, max-video-preview:-1\" \/>\n<link rel=\"canonical\" href=\"https:\/\/sbb-immobilien.ch\/fr\/immobilier\/1793279fr-objet-a-louer-a-wettingen\/\" \/>\n<meta property=\"og:locale\" content=\"fr_FR\" \/>\n<meta property=\"og:type\" content=\"article\" \/>\n<meta property=\"og:title\" content=\"Objet \u00e0 louer \u00e0 Wettingen\" \/>\n<meta property=\"og:description\" content=\"Wo heute Industrie und Gewerbe das Ortsbild von Wettingen pr\u00e4gen, entsteht in den n\u00e4chsten Jahren ein neues Quartier, das Wohnen, Arbeiten und Erholen miteinander verbindet \u2013 bestens angebunden an die regionalen Zentren und nur 20 S-Bahn-Minuten vom Hauptbahnhof Z\u00fcrich entfernt. Das Erdgeschoss umfasst ein vielf\u00e4ltiges Angebot aus sieben Retail- und Gastronomiekonzepten und sorgt f\u00fcr lebendige [&hellip;]\" \/>\n<meta property=\"og:url\" content=\"https:\/\/sbb-immobilien.ch\/fr\/immobilier\/1793279fr-objet-a-louer-a-wettingen\/\" \/>\n<meta property=\"og:site_name\" content=\"CFF Immobilier\" \/>\n<meta property=\"article:modified_time\" content=\"2026-09-02T15:00:51+00:00\" \/>\n<meta name=\"twitter:card\" content=\"summary_large_image\" \/>\n<meta name=\"twitter:label1\" content=\"Dur\u00e9e de lecture estim\u00e9e\" \/>\n\t<meta name=\"twitter:data1\" content=\"1 minute\" \/>\n<script type=\"application\/ld+json\" class=\"yoast-schema-graph\">{\"@context\":\"https:\\\/\\\/schema.org\",\"@graph\":[{\"@type\":[\"WebPage\",\"RealEstateListing\"],\"@id\":\"https:\\\/\\\/sbb-immobilien.ch\\\/fr\\\/immobilier\\\/1793279fr-objet-a-louer-a-wettingen\\\/\",\"url\":\"https:\\\/\\\/sbb-immobilien.ch\\\/fr\\\/immobilier\\\/1793279fr-objet-a-louer-a-wettingen\\\/\",\"name\":\"Objet \u00e0 louer \u00e0 Wettingen | CFF Immobilier\",\"isPartOf\":{\"@id\":\"https:\\\/\\\/sbb-immobilien.ch\\\/fr\\\/#website\"},\"datePublished\":\"2026-09-02T13:55:58+00:00\",\"dateModified\":\"2026-09-02T15:00:51+00:00\",\"breadcrumb\":{\"@id\":\"https:\\\/\\\/sbb-immobilien.ch\\\/fr\\\/immobilier\\\/1793279fr-objet-a-louer-a-wettingen\\\/#breadcrumb\"},\"inLanguage\":\"fr-FR\",\"potentialAction\":[{\"@type\":\"ReadAction\",\"target\":[\"https:\\\/\\\/sbb-immobilien.ch\\\/fr\\\/immobilier\\\/1793279fr-objet-a-louer-a-wettingen\\\/\"]}]},{\"@type\":\"BreadcrumbList\",\"@id\":\"https:\\\/\\\/sbb-immobilien.ch\\\/fr\\\/immobilier\\\/1793279fr-objet-a-louer-a-wettingen\\\/#breadcrumb\",\"itemListElement\":[{\"@type\":\"ListItem\",\"position\":1,\"name\":\"Home\",\"item\":\"https:\\\/\\\/sbb-immobilien.ch\\\/fr\\\/\"},{\"@type\":\"ListItem\",\"position\":2,\"name\":\"Propri\u00e9t\u00e9s\",\"item\":\"https:\\\/\\\/sbb-immobilien.ch\\\/fr\\\/immobilier\\\/\"},{\"@type\":\"ListItem\",\"position\":3,\"name\":\"Objet \u00e0 louer \u00e0 Wettingen\"}]},{\"@type\":\"WebSite\",\"@id\":\"https:\\\/\\\/sbb-immobilien.ch\\\/fr\\\/#website\",\"url\":\"https:\\\/\\\/sbb-immobilien.ch\\\/fr\\\/\",\"name\":\"CFF Immobilier\",\"description\":\"Des immeubles id\u00e9alement situ\u00e9s.\",\"publisher\":{\"@id\":\"https:\\\/\\\/sbb-immobilien.ch\\\/fr\\\/#organization\"},\"potentialAction\":[{\"@type\":\"SearchAction\",\"target\":{\"@type\":\"EntryPoint\",\"urlTemplate\":\"https:\\\/\\\/sbb-immobilien.ch\\\/fr\\\/?s={search_term_string}\"},\"query-input\":{\"@type\":\"PropertyValueSpecification\",\"valueRequired\":true,\"valueName\":\"search_term_string\"}}],\"inLanguage\":\"fr-FR\"},{\"@type\":\"Organization\",\"@id\":\"https:\\\/\\\/sbb-immobilien.ch\\\/fr\\\/#organization\",\"name\":\"SBB Immobilien\",\"url\":\"https:\\\/\\\/sbb-immobilien.ch\\\/fr\\\/\",\"logo\":{\"@type\":\"ImageObject\",\"inLanguage\":\"fr-FR\",\"@id\":\"https:\\\/\\\/sbb-immobilien.ch\\\/fr\\\/#\\\/schema\\\/logo\\\/image\\\/\",\"url\":\"https:\\/\\/cdn.sbb-immobilien.ch\\/w:1617\\/h:1080\\/q:mauto\\/f:best\\/https:\\/\\/sbb-immobilien.ch\\/wp-content\\/uploads\\/2021\\/11\\/SBB_byte_200329_DSC_4292_2500px.jpg\",\"contentUrl\":\"https:\\/\\/cdn.sbb-immobilien.ch\\/w:1617\\/h:1080\\/q:mauto\\/f:best\\/https:\\/\\/sbb-immobilien.ch\\/wp-content\\/uploads\\/2021\\/11\\/SBB_byte_200329_DSC_4292_2500px.jpg\",\"width\":2500,\"height\":1669,\"caption\":\"SBB Immobilien\"},\"image\":{\"@id\":\"https:\\\/\\\/sbb-immobilien.ch\\\/fr\\\/#\\\/schema\\\/logo\\\/image\\\/\"},\"sameAs\":[\"https:\\\/\\\/ch.linkedin.com\\\/showcase\\\/immobilienberufe?trk=affiliated-pages\",\"https:\\\/\\\/de.wikipedia.org\\\/wiki\\\/Schweizerische_Bundesbahnen\"]}]}<\/script>\n<!-- \/ Yoast SEO Premium plugin. -->","yoast_head_json":{"title":"Objet \u00e0 louer \u00e0 Wettingen | CFF Immobilier","robots":{"index":"index","follow":"follow","max-snippet":"max-snippet:-1","max-image-preview":"max-image-preview:large","max-video-preview":"max-video-preview:-1"},"canonical":"https:\/\/sbb-immobilien.ch\/fr\/immobilier\/1793279fr-objet-a-louer-a-wettingen\/","og_locale":"fr_FR","og_type":"article","og_title":"Objet \u00e0 louer \u00e0 Wettingen","og_description":"Wo heute Industrie und Gewerbe das Ortsbild von Wettingen pr\u00e4gen, entsteht in den n\u00e4chsten Jahren ein neues Quartier, das Wohnen, Arbeiten und Erholen miteinander verbindet \u2013 bestens angebunden an die regionalen Zentren und nur 20 S-Bahn-Minuten vom Hauptbahnhof Z\u00fcrich entfernt. Das Erdgeschoss umfasst ein vielf\u00e4ltiges Angebot aus sieben Retail- und Gastronomiekonzepten und sorgt f\u00fcr lebendige [&hellip;]","og_url":"https:\/\/sbb-immobilien.ch\/fr\/immobilier\/1793279fr-objet-a-louer-a-wettingen\/","og_site_name":"CFF Immobilier","article_modified_time":"2026-09-02T15:00:51+00:00","twitter_card":"summary_large_image","twitter_misc":{"Dur\u00e9e de lecture estim\u00e9e":"1 minute"},"schema":{"@context":"https:\/\/schema.org","@graph":[{"@type":["WebPage","RealEstateListing"],"@id":"https:\/\/sbb-immobilien.ch\/fr\/immobilier\/1793279fr-objet-a-louer-a-wettingen\/","url":"https:\/\/sbb-immobilien.ch\/fr\/immobilier\/1793279fr-objet-a-louer-a-wettingen\/","name":"Objet \u00e0 louer \u00e0 Wettingen | CFF Immobilier","isPartOf":{"@id":"https:\/\/sbb-immobilien.ch\/fr\/#website"},"datePublished":"2026-09-02T13:55:58+00:00","dateModified":"2026-09-02T15:00:51+00:00","breadcrumb":{"@id":"https:\/\/sbb-immobilien.ch\/fr\/immobilier\/1793279fr-objet-a-louer-a-wettingen\/#breadcrumb"},"inLanguage":"fr-FR","potentialAction":[{"@type":"ReadAction","target":["https:\/\/sbb-immobilien.ch\/fr\/immobilier\/1793279fr-objet-a-louer-a-wettingen\/"]}]},{"@type":"BreadcrumbList","@id":"https:\/\/sbb-immobilien.ch\/fr\/immobilier\/1793279fr-objet-a-louer-a-wettingen\/#breadcrumb","itemListElement":[{"@type":"ListItem","position":1,"name":"Home","item":"https:\/\/sbb-immobilien.ch\/fr\/"},{"@type":"ListItem","position":2,"name":"Propri\u00e9t\u00e9s","item":"https:\/\/sbb-immobilien.ch\/fr\/immobilier\/"},{"@type":"ListItem","position":3,"name":"Objet \u00e0 louer \u00e0 Wettingen"}]},{"@type":"WebSite","@id":"https:\/\/sbb-immobilien.ch\/fr\/#website","url":"https:\/\/sbb-immobilien.ch\/fr\/","name":"CFF Immobilier","description":"Des immeubles id\u00e9alement situ\u00e9s.","publisher":{"@id":"https:\/\/sbb-immobilien.ch\/fr\/#organization"},"potentialAction":[{"@type":"SearchAction","target":{"@type":"EntryPoint","urlTemplate":"https:\/\/sbb-immobilien.ch\/fr\/?s={search_term_string}"},"query-input":{"@type":"PropertyValueSpecification","valueRequired":true,"valueName":"search_term_string"}}],"inLanguage":"fr-FR"},{"@type":"Organization","@id":"https:\/\/sbb-immobilien.ch\/fr\/#organization","name":"SBB Immobilien","url":"https:\/\/sbb-immobilien.ch\/fr\/","logo":{"@type":"ImageObject","inLanguage":"fr-FR","@id":"https:\/\/sbb-immobilien.ch\/fr\/#\/schema\/logo\/image\/","url":"https:\/\/cdn.sbb-immobilien.ch\/w:1617\/h:1080\/q:mauto\/f:best\/https:\/\/sbb-immobilien.ch\/wp-content\/uploads\/2021\/11\/SBB_byte_200329_DSC_4292_2500px.jpg","contentUrl":"https:\/\/cdn.sbb-immobilien.ch\/w:1617\/h:1080\/q:mauto\/f:best\/https:\/\/sbb-immobilien.ch\/wp-content\/uploads\/2021\/11\/SBB_byte_200329_DSC_4292_2500px.jpg","width":2500,"height":1669,"caption":"SBB Immobilien"},"image":{"@id":"https:\/\/sbb-immobilien.ch\/fr\/#\/schema\/logo\/image\/"},"sameAs":["https:\/\/ch.linkedin.com\/showcase\/immobilienberufe?trk=affiliated-pages","https:\/\/de.wikipedia.org\/wiki\/Schweizerische_Bundesbahnen"]}]}},"_links":{"self":[{"href":"https:\/\/sbb-immobilien.ch\/fr\/wp-json\/wp\/v2\/casawp_property\/820550","targetHints":{"allow":["GET"]}}],"collection":[{"href":"https:\/\/sbb-immobilien.ch\/fr\/wp-json\/wp\/v2\/casawp_property"}],"about":[{"href":"https:\/\/sbb-immobilien.ch\/fr\/wp-json\/wp\/v2\/types\/casawp_property"}],"replies":[{"embeddable":true,"href":"https:\/\/sbb-immobilien.ch\/fr\/wp-json\/wp\/v2\/comments?post=820550"}],"version-history":[{"count":2,"href":"https:\/\/sbb-immobilien.ch\/fr\/wp-json\/wp\/v2\/casawp_property\/820550\/revisions"}],"predecessor-version":[{"id":820552,"href":"https:\/\/sbb-immobilien.ch\/fr\/wp-json\/wp\/v2\/casawp_property\/820550\/revisions\/820552"}],"wp:attachment":[{"href":"https:\/\/sbb-immobilien.ch\/fr\/wp-json\/wp\/v2\/media?parent=820550"}],"wp:term":[{"taxonomy":"casawp_category","embeddable":true,"href":"https:\/\/sbb-immobilien.ch\/fr\/wp-json\/wp\/v2\/casawp_category?post=820550"},{"taxonomy":"casawp_feature","embeddable":true,"href":"https:\/\/sbb-immobilien.ch\/fr\/wp-json\/wp\/v2\/casawp_feature?post=820550"},{"taxonomy":"casawp_utility","embeddable":true,"href":"https:\/\/sbb-immobilien.ch\/fr\/wp-json\/wp\/v2\/casawp_utility?post=820550"},{"taxonomy":"casawp_location","embeddable":true,"href":"https:\/\/sbb-immobilien.ch\/fr\/wp-json\/wp\/v2\/casawp_location?post=820550"},{"taxonomy":"casawp_salestype","embeddable":true,"href":"https:\/\/sbb-immobilien.ch\/fr\/wp-json\/wp\/v2\/casawp_salestype?post=820550"},{"taxonomy":"casawp_availability","embeddable":true,"href":"https:\/\/sbb-immobilien.ch\/fr\/wp-json\/wp\/v2\/casawp_availability?post=820550"},{"taxonomy":"casawp_region","embeddable":true,"href":"https:\/\/sbb-immobilien.ch\/fr\/wp-json\/wp\/v2\/casawp_region?post=820550"}],"curies":[{"name":"wp","href":"https:\/\/api.w.org\/{rel}","templated":true}]}}

Objet à louer à Wettingen

<p>Wo heute Industrie und Gewerbe das Ortsbild von Wettingen prägen, entsteht in den nächsten Jahren ein neues Quartier, das Wohnen, Arbeiten und Erholen miteinander verbindet – bestens angebunden an die regionalen Zentren und nur 20 S-Bahn-Minuten vom Hauptbahnhof Zürich entfernt.</p>
<p>Das Erdgeschoss umfasst ein vielfältiges Angebot aus sieben Retail- und Gastronomiekonzepten und sorgt für lebendige Frequenz. In den Obergeschossen entstehen rund 2000 m² hochwertige Büro-, Gesundheits- und Bildungsflächen – ideal für Unternehmen, die von einer zentralen Lage und einem modernen Umfeld profitieren möchten. Ergänzt wird das Angebot durch komfortable 2.5- bis 4.5-Zimmer-Wohnungen, die urbanes Wohnen mit hoher Lebensqualität verbinden.</p>
<p>Für die Gewerbefläche Nr.4 suchen wir ein Fachgeschäft im Non Food Retail Bereich.</p>
<p>Information Besichtigung: Die Gleislaube Wettingen befindet sich aktuell noch in der Errichtung. Daher sind keine Besichtigungen möglich.</p>

<p>Wo heute Industrie und Gewerbe das Ortsbild von Wettingen prägen, entsteht in den nächsten Jahren ein neues Quartier, das Wohnen, Arbeiten und Erholen miteinander verbindet – bestens angebunden an die regionalen Zentren und nur 20 S-Bahn-Minuten vom Hauptbahnhof Zürich entfernt. Das Erdgeschoss umfasst ein vielfältiges Angebot aus sieben Retail- und Gastronomiekonzepten und sorgt für lebendige [&hellip;]</p>

<!-- This site is optimized with the Yoast SEO Premium plugin v28.2 (Yoast SEO v28.2) - https://yoast.com/product/yoast-seo-premium-wordpress/ -->
<title>Objet à louer à Wettingen | CFF Immobilier</title>
<meta name="robots" content="index, follow, max-snippet:-1, max-image-preview:large, max-video-preview:-1" />
<link rel="canonical" href="https://sbb-immobilien.ch/fr/immobilier/1793279fr-objet-a-louer-a-wettingen/" />
<meta property="og:locale" content="fr_FR" />
<meta property="og:type" content="article" />
<meta property="og:title" content="Objet à louer à Wettingen" />
<meta property="og:description" content="Wo heute Industrie und Gewerbe das Ortsbild von Wettingen prägen, entsteht in den nächsten Jahren ein neues Quartier, das Wohnen, Arbeiten und Erholen miteinander verbindet – bestens angebunden an die regionalen Zentren und nur 20 S-Bahn-Minuten vom Hauptbahnhof Zürich entfernt. Das Erdgeschoss umfasst ein vielfältiges Angebot aus sieben Retail- und Gastronomiekonzepten und sorgt für lebendige [&hellip;]" />
<meta property="og:url" content="https://sbb-immobilien.ch/fr/immobilier/1793279fr-objet-a-louer-a-wettingen/" />
<meta property="og:site_name" content="CFF Immobilier" />
<meta property="article:modified_time" content="2026-09-02T15:00:51+00:00" />
<meta name="twitter:card" content="summary_large_image" />
<meta name="twitter:label1" content="Durée de lecture estimée" />
	<meta name="twitter:data1" content="1 minute" />
<script type="application/ld+json" class="yoast-schema-graph">{"@context":"https:\/\/schema.org","@graph":[{"@type":["WebPage","RealEstateListing"],"@id":"https:\/\/sbb-immobilien.ch\/fr\/immobilier\/1793279fr-objet-a-louer-a-wettingen\/","url":"https:\/\/sbb-immobilien.ch\/fr\/immobilier\/1793279fr-objet-a-louer-a-wettingen\/","name":"Objet à louer à Wettingen | CFF Immobilier","isPartOf":{"@id":"https:\/\/sbb-immobilien.ch\/fr\/#website"},"datePublished":"2026-09-02T13:55:58+00:00","dateModified":"2026-09-02T15:00:51+00:00","breadcrumb":{"@id":"https:\/\/sbb-immobilien.ch\/fr\/immobilier\/1793279fr-objet-a-louer-a-wettingen\/#breadcrumb"},"inLanguage":"fr-FR","potentialAction":[{"@type":"ReadAction","target":["https:\/\/sbb-immobilien.ch\/fr\/immobilier\/1793279fr-objet-a-louer-a-wettingen\/"]}]},{"@type":"BreadcrumbList","@id":"https:\/\/sbb-immobilien.ch\/fr\/immobilier\/1793279fr-objet-a-louer-a-wettingen\/#breadcrumb","itemListElement":[{"@type":"ListItem","position":1,"name":"Home","item":"https:\/\/sbb-immobilien.ch\/fr\/"},{"@type":"ListItem","position":2,"name":"Propriétés","item":"https:\/\/sbb-immobilien.ch\/fr\/immobilier\/"},{"@type":"ListItem","position":3,"name":"Objet à louer à Wettingen"}]},{"@type":"WebSite","@id":"https:\/\/sbb-immobilien.ch\/fr\/#website","url":"https:\/\/sbb-immobilien.ch\/fr\/","name":"CFF Immobilier","description":"Des immeubles idéalement situés.","publisher":{"@id":"https:\/\/sbb-immobilien.ch\/fr\/#organization"},"potentialAction":[{"@type":"SearchAction","target":{"@type":"EntryPoint","urlTemplate":"https:\/\/sbb-immobilien.ch\/fr\/?s={search_term_string}"},"query-input":{"@type":"PropertyValueSpecification","valueRequired":true,"valueName":"search_term_string"}}],"inLanguage":"fr-FR"},{"@type":"Organization","@id":"https:\/\/sbb-immobilien.ch\/fr\/#organization","name":"SBB Immobilien","url":"https:\/\/sbb-immobilien.ch\/fr\/","logo":{"@type":"ImageObject","inLanguage":"fr-FR","@id":"https:\/\/sbb-immobilien.ch\/fr\/#\/schema\/logo\/image\/","url":"https:\/\/cdn.sbb-immobilien.ch\/w:1617\/h:1080\/q:mauto\/f:best\/https:\/\/sbb-immobilien.ch\/wp-content\/uploads\/2021\/11\/SBB_byte_200329_DSC_4292_2500px.jpg","contentUrl":"https:\/\/cdn.sbb-immobilien.ch\/w:1617\/h:1080\/q:mauto\/f:best\/https:\/\/sbb-immobilien.ch\/wp-content\/uploads\/2021\/11\/SBB_byte_200329_DSC_4292_2500px.jpg","width":2500,"height":1669,"caption":"SBB Immobilien"},"image":{"@id":"https:\/\/sbb-immobilien.ch\/fr\/#\/schema\/logo\/image\/"},"sameAs":["https:\/\/ch.linkedin.com\/showcase\/immobilienberufe?trk=affiliated-pages","https:\/\/de.wikipedia.org\/wiki\/Schweizerische_Bundesbahnen"]}]}</script>
<!-- / Yoast SEO Premium plugin. -->

Objet à louer à Wettingen | CFF Immobilier

Wo heute Industrie und Gewerbe das Ortsbild von Wettingen prägen, entsteht in den nächsten Jahren ein neues Quartier, das Wohnen, Arbeiten und Erholen miteinander verbindet – bestens angebunden an die regionalen Zentren und nur 20 S-Bahn-Minuten vom Hauptbahnhof Zürich entfernt. Das Erdgeschoss umfasst ein vielfältiges Angebot aus sieben Retail- und Gastronomiekonzepten und sorgt für lebendige [&hellip;]

Propriétés

Des immeubles idéalement situés.
