{"version":"1.0","provider_name":"FFS Immobili","provider_url":"https:\/\/sbb-immobilien.ch\/it\/","title":"Oggetto in affitto a Renens VD","type":"rich","width":600,"height":338,"html":"<blockquote class=\"wp-embedded-content\" data-secret=\"wpDkmW958Y\"><a href=\"https:\/\/sbb-immobilien.ch\/it\/immobili\/1595152it-oggetto-in-affitto-a-renens-vd\/\">Oggetto in affitto a Renens VD<\/a><\/blockquote><iframe sandbox=\"allow-scripts\" security=\"restricted\" src=\"https:\/\/sbb-immobilien.ch\/it\/immobili\/1595152it-oggetto-in-affitto-a-renens-vd\/embed\/#?secret=wpDkmW958Y\" width=\"600\" height=\"338\" title=\"&#8220;Oggetto in affitto a Renens VD&#8221; &#8212; FFS Immobili\" data-secret=\"wpDkmW958Y\" frameborder=\"0\" marginwidth=\"0\" marginheight=\"0\" scrolling=\"no\" class=\"wp-embedded-content\"><\/iframe><script type=\"text\/javascript\">\n\/* <![CDATA[ *\/\n\/*! This file is auto-generated *\/\n!function(d,l){\"use strict\";l.querySelector&&d.addEventListener&&\"undefined\"!=typeof URL&&(d.wp=d.wp||{},d.wp.receiveEmbedMessage||(d.wp.receiveEmbedMessage=function(e){var t=e.data;if((t||t.secret||t.message||t.value)&&!\/[^a-zA-Z0-9]\/.test(t.secret)){for(var s,r,n,a=l.querySelectorAll('iframe[data-secret=\"'+t.secret+'\"]'),o=l.querySelectorAll('blockquote[data-secret=\"'+t.secret+'\"]'),c=new RegExp(\"^https?:$\",\"i\"),i=0;i<o.length;i++)o[i].style.display=\"none\";for(i=0;i<a.length;i++)s=a[i],e.source===s.contentWindow&&(s.removeAttribute(\"style\"),\"height\"===t.message?(1e3<(r=parseInt(t.value,10))?r=1e3:~~r<200&&(r=200),s.height=r):\"link\"===t.message&&(r=new URL(s.getAttribute(\"src\")),n=new URL(t.value),c.test(n.protocol))&&n.host===r.host&&l.activeElement===s&&(d.top.location.href=t.value))}},d.addEventListener(\"message\",d.wp.receiveEmbedMessage,!1),l.addEventListener(\"DOMContentLoaded\",function(){for(var e,t,s=l.querySelectorAll(\"iframe.wp-embedded-content\"),r=0;r<s.length;r++)(t=(e=s[r]).getAttribute(\"data-secret\"))||(t=Math.random().toString(36).substring(2,12),e.src+=\"#?secret=\"+t,e.setAttribute(\"data-secret\",t)),e.contentWindow.postMessage({message:\"ready\",secret:t},\"*\")},!1)))}(window,document);\n\/\/# sourceURL=https:\/\/sbb-immobilien.ch\/wp-includes\/js\/wp-embed.min.js\n\/* ]]> *\/\n<\/script>\n","thumbnail_url":"https:\/\/cdn.casasoft.com\/media\/provider-13858\/property-1595152\/f39dd65b53d467f529c4c44e3437cab9.jpg?p=lg","thumbnail_width":1024,"thumbnail_height":768,"description":"Central Malley, \u00e0 3 min de Lausanne. Situ\u00e9 au pied de la gare de Prilly Malley, cet \u00e9co quartier, bien desservi par le m\u00e9tro M1, le tram T1 et les lignes de bus, r\u00e9pond aux enjeux \u00e9cologiques actuels. Surface semi am\u00e9nag\u00e9e de 516 m\u00b2 avec vue spectaculaire sur le lac, modulable pour tous types d&#8217;entreprises. [&hellip;]"}

Central Malley, à 3 min de Lausanne. Situé au pied de la gare de Prilly Malley, cet éco quartier, bien desservi par le métro M1, le tram T1 et les lignes de bus, répond aux enjeux écologiques actuels. Surface semi aménagée de 516 m² avec vue spectaculaire sur le lac, modulable pour tous types d&#8217;entreprises. [&hellip;]
