{"version":"1.0","provider_name":"FFS Immobili","provider_url":"https:\/\/sbb-immobilien.ch\/it\/","title":"Oggetto in affitto a Sierre","type":"rich","width":600,"height":338,"html":"<blockquote class=\"wp-embedded-content\" data-secret=\"oMP5pZcfrD\"><a href=\"https:\/\/sbb-immobilien.ch\/it\/immobili\/1627403it-oggetto-in-affitto-a-sierre\/\">Oggetto in affitto a Sierre<\/a><\/blockquote><iframe sandbox=\"allow-scripts\" security=\"restricted\" src=\"https:\/\/sbb-immobilien.ch\/it\/immobili\/1627403it-oggetto-in-affitto-a-sierre\/embed\/#?secret=oMP5pZcfrD\" width=\"600\" height=\"338\" title=\"&#8220;Oggetto in affitto a Sierre&#8221; &#8212; FFS Immobili\" data-secret=\"oMP5pZcfrD\" frameborder=\"0\" marginwidth=\"0\" marginheight=\"0\" scrolling=\"no\" class=\"wp-embedded-content\"><\/iframe><script type=\"text\/javascript\">\n\/* <![CDATA[ *\/\n\/*! This file is auto-generated *\/\n!function(d,l){\"use strict\";l.querySelector&&d.addEventListener&&\"undefined\"!=typeof URL&&(d.wp=d.wp||{},d.wp.receiveEmbedMessage||(d.wp.receiveEmbedMessage=function(e){var t=e.data;if((t||t.secret||t.message||t.value)&&!\/[^a-zA-Z0-9]\/.test(t.secret)){for(var s,r,n,a=l.querySelectorAll('iframe[data-secret=\"'+t.secret+'\"]'),o=l.querySelectorAll('blockquote[data-secret=\"'+t.secret+'\"]'),c=new RegExp(\"^https?:$\",\"i\"),i=0;i<o.length;i++)o[i].style.display=\"none\";for(i=0;i<a.length;i++)s=a[i],e.source===s.contentWindow&&(s.removeAttribute(\"style\"),\"height\"===t.message?(1e3<(r=parseInt(t.value,10))?r=1e3:~~r<200&&(r=200),s.height=r):\"link\"===t.message&&(r=new URL(s.getAttribute(\"src\")),n=new URL(t.value),c.test(n.protocol))&&n.host===r.host&&l.activeElement===s&&(d.top.location.href=t.value))}},d.addEventListener(\"message\",d.wp.receiveEmbedMessage,!1),l.addEventListener(\"DOMContentLoaded\",function(){for(var e,t,s=l.querySelectorAll(\"iframe.wp-embedded-content\"),r=0;r<s.length;r++)(t=(e=s[r]).getAttribute(\"data-secret\"))||(t=Math.random().toString(36).substring(2,12),e.src+=\"#?secret=\"+t,e.setAttribute(\"data-secret\",t)),e.contentWindow.postMessage({message:\"ready\",secret:t},\"*\")},!1)))}(window,document);\n\/\/# sourceURL=https:\/\/sbb-immobilien.ch\/wp-includes\/js\/wp-embed.min.js\n\/* ]]> *\/\n<\/script>\n","thumbnail_url":"https:\/\/cdn.casasoft.com\/media\/provider-13858\/property-1627403\/advertisement-language-d5a57f1d-b36b-f011-b4cb-6045bd2b5429-Designer%20bar.png?p=lg","thumbnail_width":1024,"thumbnail_height":768,"description":"Enti\u00e8rement personnalisable, pour activit\u00e9 bar \u00e0 vins, petite restauration. Position strat\u00e9gique Grandes vitrines Possibilit\u00e9 d&#8217;un coin terrasse Horaires d\u2019ouverture prolong\u00e9s, depuis l\u2019aube jusque tard en soir\u00e9e Ouverture 365 jour par an Fr\u00e9quent\u00e9e par les voyageurs, pendulaires, touristes, \u00e9tudiants, familles. Place de la Gare repens\u00e9e pour en faire un lieu au plus proche des citoyens Ces [&hellip;]"}

Entièrement personnalisable, pour activité bar à vins, petite restauration. Position stratégique Grandes vitrines Possibilité d&#8217;un coin terrasse Horaires d’ouverture prolongés, depuis l’aube jusque tard en soirée Ouverture 365 jour par an Fréquentée par les voyageurs, pendulaires, touristes, étudiants, familles. Place de la Gare repensée pour en faire un lieu au plus proche des citoyens Ces [&hellip;]
