{"version":"1.0","provider_name":"FFS Immobili","provider_url":"https:\/\/sbb-immobilien.ch\/it\/","title":"Oggetto in affitto a L\u00e9chelles","type":"rich","width":600,"height":338,"html":"<blockquote class=\"wp-embedded-content\" data-secret=\"thG8powe9r\"><a href=\"https:\/\/sbb-immobilien.ch\/it\/immobili\/1673936it-oggetto-in-affitto-a-lechelles\/\">Oggetto in affitto a L\u00e9chelles<\/a><\/blockquote><iframe sandbox=\"allow-scripts\" security=\"restricted\" src=\"https:\/\/sbb-immobilien.ch\/it\/immobili\/1673936it-oggetto-in-affitto-a-lechelles\/embed\/#?secret=thG8powe9r\" width=\"600\" height=\"338\" title=\"&#8220;Oggetto in affitto a L\u00e9chelles&#8221; &#8212; FFS Immobili\" data-secret=\"thG8powe9r\" frameborder=\"0\" marginwidth=\"0\" marginheight=\"0\" scrolling=\"no\" class=\"wp-embedded-content\"><\/iframe><script>\n\/*! This file is auto-generated *\/\n!function(d,l){\"use strict\";l.querySelector&&d.addEventListener&&\"undefined\"!=typeof URL&&(d.wp=d.wp||{},d.wp.receiveEmbedMessage||(d.wp.receiveEmbedMessage=function(e){var t=e.data;if((t||t.secret||t.message||t.value)&&!\/[^a-zA-Z0-9]\/.test(t.secret)){for(var s,r,n,a=l.querySelectorAll('iframe[data-secret=\"'+t.secret+'\"]'),o=l.querySelectorAll('blockquote[data-secret=\"'+t.secret+'\"]'),c=new RegExp(\"^https?:$\",\"i\"),i=0;i<o.length;i++)o[i].style.display=\"none\";for(i=0;i<a.length;i++)s=a[i],e.source===s.contentWindow&&(s.removeAttribute(\"style\"),\"height\"===t.message?(1e3<(r=parseInt(t.value,10))?r=1e3:~~r<200&&(r=200),s.height=r):\"link\"===t.message&&(r=new URL(s.getAttribute(\"src\")),n=new URL(t.value),c.test(n.protocol))&&n.host===r.host&&l.activeElement===s&&(d.top.location.href=t.value))}},d.addEventListener(\"message\",d.wp.receiveEmbedMessage,!1),l.addEventListener(\"DOMContentLoaded\",function(){for(var e,t,s=l.querySelectorAll(\"iframe.wp-embedded-content\"),r=0;r<s.length;r++)(t=(e=s[r]).getAttribute(\"data-secret\"))||(t=Math.random().toString(36).substring(2,12),e.src+=\"#?secret=\"+t,e.setAttribute(\"data-secret\",t)),e.contentWindow.postMessage({message:\"ready\",secret:t},\"*\")},!1)))}(window,document);\n\/\/# sourceURL=https:\/\/sbb-immobilien.ch\/wp-includes\/js\/wp-embed.min.js\n<\/script>\n","thumbnail_url":"https:\/\/cdn.casasoft.com\/media\/provider-13858\/property-1673936\/462f25b9609e82d4e541a8e846a9c55e.jpg?p=lg","thumbnail_width":1024,"thumbnail_height":768,"description":"Situ\u00e9 dans le b\u00e2timent de la Gare CFF de L\u00e9chelles, ce duplex enti\u00e8rement r\u00e9nov\u00e9 de 4,5 pi\u00e8ces s\u00e9duit par sa luminosit\u00e9 et sa distribution, id\u00e9ale pour la vie de famille ou pour un couple souhaitant profiter d\u2019un espace g\u00e9n\u00e9reux. D\u00e8s l\u2019entr\u00e9e, vous appr\u00e9cierez un s\u00e9jour spacieux et accueillant d\u2019environ 20 m\u00b2 qui s\u2019ouvre sur une [&hellip;]"}

Oggetto in affitto a Léchelles

<blockquote class="wp-embedded-content" data-secret="thG8powe9r"><a href="https://sbb-immobilien.ch/it/immobili/1673936it-oggetto-in-affitto-a-lechelles/">Oggetto in affitto a Léchelles</a></blockquote><iframe sandbox="allow-scripts" security="restricted" src="https://sbb-immobilien.ch/it/immobili/1673936it-oggetto-in-affitto-a-lechelles/embed/#?secret=thG8powe9r" width="600" height="338" title="&#8220;Oggetto in affitto a Léchelles&#8221; &#8212; FFS Immobili" data-secret="thG8powe9r" frameborder="0" marginwidth="0" marginheight="0" scrolling="no" class="wp-embedded-content"></iframe><script>
/*! This file is auto-generated */
!function(d,l){"use strict";l.querySelector&&d.addEventListener&&"undefined"!=typeof URL&&(d.wp=d.wp||{},d.wp.receiveEmbedMessage||(d.wp.receiveEmbedMessage=function(e){var t=e.data;if((t||t.secret||t.message||t.value)&&!/[^a-zA-Z0-9]/.test(t.secret)){for(var s,r,n,a=l.querySelectorAll('iframe[data-secret="'+t.secret+'"]'),o=l.querySelectorAll('blockquote[data-secret="'+t.secret+'"]'),c=new RegExp("^https?:$","i"),i=0;i<o.length;i++)o[i].style.display="none";for(i=0;i<a.length;i++)s=a[i],e.source===s.contentWindow&&(s.removeAttribute("style"),"height"===t.message?(1e3<(r=parseInt(t.value,10))?r=1e3:~~r<200&&(r=200),s.height=r):"link"===t.message&&(r=new URL(s.getAttribute("src")),n=new URL(t.value),c.test(n.protocol))&&n.host===r.host&&l.activeElement===s&&(d.top.location.href=t.value))}},d.addEventListener("message",d.wp.receiveEmbedMessage,!1),l.addEventListener("DOMContentLoaded",function(){for(var e,t,s=l.querySelectorAll("iframe.wp-embedded-content"),r=0;r<s.length;r++)(t=(e=s[r]).getAttribute("data-secret"))||(t=Math.random().toString(36).substring(2,12),e.src+="#?secret="+t,e.setAttribute("data-secret",t)),e.contentWindow.postMessage({message:"ready",secret:t},"*")},!1)))}(window,document);
//# sourceURL=https://sbb-immobilien.ch/wp-includes/js/wp-embed.min.js
</script>

Situé dans le bâtiment de la Gare CFF de Léchelles, ce duplex entièrement rénové de 4,5 pièces séduit par sa luminosité et sa distribution, idéale pour la vie de famille ou pour un couple souhaitant profiter d’un espace généreux. Dès l’entrée, vous apprécierez un séjour spacieux et accueillant d’environ 20 m² qui s’ouvre sur une [&hellip;]
